e
Is 571753 a multiple of 13?
True
Does 16 divide 175152?
True
Is 42 a factor of 919?
False
Does 45 divide 1103535?
True
Does 44 divide 5874748?
True
Is 245143 a multiple of 125?
False
Is 85 a factor of 32808278?
False
Is 414 a factor of 181697?
False
Is 428 a factor of 57352?
True
Does 14 divide 3295626?
False
Does 79 divide 1370808?
True
Is 370973 a multiple of 948?
False
Does 54 divide 164476?
False
Is 515768 a multiple of 88?
True
Is 26251550 a multiple of 65?
True
Does 211 divide 4188772?
True
Is 11645010 a multiple of 130?
True
Does 265 divide 410804?
False
Is 292 a factor of 360910?
False
Is 9 a factor of 2080964?
False
Does 979 divide 531755?
False
Is 3420048 a multiple of 86?
True
Does 16 divide 551398?
False
Is 756 a factor of 213412?
False
Does 249 divide 1215838?
False
Does 15 divide 336510?
True
Is 339300 a multiple of 29?
True
Is 179 a factor of 134608?
True
Is 271 a factor of 59230?
False
Is 36421 a multiple of 85?
False
Does 28 divide 11806508?
True
Is 14490 a multiple of 28?
False
Is 7017122 a multiple of 476?
False
Is 3 a factor of 24639?
True
Does 105 divide 135313?
False
Does 350 divide 10873346?
False
Is 5379660 a multiple of 585?
True
Is 3 a factor of 14246?
False
Is 14 a factor of 475196?
False
Is 6898772 a multiple of 90?
False
Is 1310 a factor of 6033860?
True
Does 539 divide 2325791?
False
Does 10 divide 669934?
False
Is 1226955 a multiple of 32?
False
Is 512837 a multiple of 103?
True
Is 104 a factor of 12765420?
False
Does 81 divide 30233?
False
Is 10435068 a multiple of 1498?
True
Does 18 divide 437202?
True
Is 267 a factor of 1772880?
True
Is 146 a factor of 478284?
False
Does 103 divide 375229?
True
Is 10 a factor of 42972?
False
Does 5 divide 2025?
True
Does 420 divide 412020?
True
Is 11921 a multiple of 8?
False
Does 476 divide 1899044?
False
Does 24 divide 13279896?
True
Is 39 a factor of 134698?
False
Is 61 a factor of 782996?
True
Does 21 divide 47721?
False
Is 3885272 a multiple of 4?
True
Is 175 a factor of 803962?
False
Is 157 a factor of 1181111?
True
Is 384715 a multiple of 288?
False
Is 134 a factor of 12374?
False
Does 14 divide 238770?
True
Is 27 a factor of 155199?
False
Is 76 a factor of 3159285?
False
Does 58 divide 145386?
False
Is 14 a factor of 3588403?
False
Does 8 divide 10676648?
True
Does 7 divide 143894?
False
Is 118 a factor of 7837?
False
Does 57 divide 509942?
False
Is 146916 a multiple of 63?
True
Is 858974 a multiple of 341?
False
Is 1399270 a multiple of 6?
False
Is 751 a factor of 929738?
True
Is 2752884 a multiple of 282?
True
Does 23 divide 695146?
False
Is 39261 a multiple of 9?
False
Is 17 a factor of 188323?
False
Is 52 a factor of 743132?
True
Does 2 divide 2185491?
False
Is 405992 a multiple of 395?
False
Does 34 divide 1963830?
False
Does 63 divide 9984429?
True
Is 17096 a multiple of 69?
False
Does 3 divide 68551?
False
Is 76052 a multiple of 14?
False
Is 5563015 a multiple of 133?
False
Is 447627 a multiple of 17?
True
Is 1185033 a multiple of 9?
False
Is 39 a factor of 703131?
True
Is 538 a factor of 57028?
True
Is 255281 a multiple of 73?
True
Does 1754 divide 9418980?
True
Is 12682995 a multiple of 15?
True
Is 26 a factor of 14700972?
True
Is 32 a factor of 576100?
False
Does 438 divide 2391021?
False
Is 15 a factor of 581962?
False
Does 14 divide 6709178?
True
Does 118 divide 100628?
False
Is 4571164 a multiple of 16?
False
Is 34 a factor of 37096516?
True
Is 13 a factor of 49546?
False
Is 46 a factor of 159275?
False
Is 18 a factor of 563508?
True
Is 261 a factor of 903582?
True
Is 64 a factor of 1755620?
False
Does 343 divide 456293?
False
Does 20 divide 14397020?
True
Does 53 divide 65546?
False
Is 439 a factor of 3314889?
True
Is 99 a factor of 669395?
False
Does 9 divide 591798?
False
Does 120 divide 2082900?
False
Does 2 divide 210888?
True
Does 40 divide 258856?
False
Does 28 divide 1256375?
False
Is 222 a factor of 17094?
True
Is 23 a factor of 144474?
False
Is 3538090 a multiple of 46?
True
Does 33 divide 158794?
False
Does 2176 divide 6887087?
False
Is 1459954 a multiple of 46?
False
Does 83 divide 74266?
False
Is 131750 a multiple of 425?
True
Is 65010 even?
True
Is 10069362 a multiple of 639?
True
Is 30690 a multiple of 341?
True
Is 21887481 a multiple of 21?
True
Does 10 divide 581473?
False
Is 50 a factor of 9011000?
True
Is 334 a factor of 4131192?
False
Does 56 divide 58893?
False
Is 109648 a multiple of 131?
False
Is 13 a factor of 628966?
True
Does 16 divide 731885?
False
Is 75413 a multiple of 86?
False
Is 3041482 a multiple of 87?
False
Is 1134 a factor of 8166080?
False
Does 804 divide 2847768?
True
Does 92 divide 33028?
True
Is 31021 a multiple of 4?
False
Is 15 a factor of 353339?
False
Is 8195700 a multiple of 155?
False
Is 93 a factor of 681263?
False
Is 102697 a multiple of 9?
False
Is 308412 a multiple of 43?
False
Is 3948511 a multiple of 28?
False
Is 2638 a multiple of 11?
False
Is 182 a factor of 28210?
True
Is 228 a factor of 123120?
True
Is 267613 a multiple of 11?
False
Is 417 a factor of 5985214?
False
Is 565 a factor of 31532650?
True
Is 315 a factor of 8066853?
False
Is 20 a factor of 68160?
True
Does 105 divide 20703?
False
Is 231 a factor of 751153?
False
Is 630 a factor of 368803?
False
Does 736 divide 599797?
False
Is 135 a factor of 12095295?
False
Does 240 divide 3323760?
True
Is 16 a factor of 258064?
True
Does 95 divide 77900?
True
Is 204736 a multiple of 14?
True
Is 1172635 a multiple of 27?
False
Does 13 divide 267102?
False
Is 258039 a multiple of 22?
False
Is 1556739 a multiple of 9?
True
Is 9372400 a multiple of 400?
True
Is 1030249 a multiple of 73?
True
Does 249 divide 1694704?
False
Is 400 a factor of 7309200?
True
Does 48 divide 146175?
False
Is 24 a factor of 36288?
True
Is 1089122 a multiple of 34?
True
Is 4400671 a multiple of 17?
True
Does 28 divide 28812?
True
Is 153 a factor of 40392?
True
Is 2498930 a multiple of 145?
True
Does 152 divide 193800?
True
Is 232638 a multiple of 21?
True
Is 4 a factor of 258180?
True
Does 39 divide 98268?
False
Does 137 divide 350309?
True
Does 143 divide 3432715?
True
Is 3642428 a multiple of 2?
True
Is 11234 a multiple of 32?
False
Does 28 divide 999404?
True
Is 1961972 a multiple of 34?
False
Is 7 a factor of 106324?
False
Is 2136738 a multiple of 624?
False
Is 347 a factor of 79266?
False
Is 201168 a multiple of 24?
True
Is 70 a factor of 2841609?
False
Is 10 a factor of 883830?
True
Does 3 divide 1535298?
True
Does 29 divide 41740?
False
Does 159 divide 43089?
True
Does 26 divide 3313700?
True
Is 4129968 a multiple of 139?
True
Is 25200 a multiple of 35?
True
Does 60 divide 2675509?
False
Does 9 divide 40977?
True
Is 28 a factor of 174449?
False
Is 579874 a multiple of 82?
False
Does 3 divide 3341874?
True
Is 35667 a multiple of 20?
False
Does 10 divide 2035885?
False
Is 24 a factor of 58147?
False
Is 22 a factor of 275836?
True
Does 18 divide 25922?
False
Is 159 a factor of 69642?
True
Is 288 a factor of 248256?
True
Does 8 divide 96411?
False
Does 16 divide 261664?
True
Is 20 a factor of 25818?
False
Is 247 a factor of 84968?
True
Does 16 divide 128533?
False
Does 28 divide 53667?
False
Is 491300 a multiple of 13?
False
Is 1267803 a multiple of 30?
False
Is 598180 a multiple of 11?
True
Is 657558 a multiple of 594?
True
Is 1641940 a multiple of 530?
True
Is 46 a factor of 19325060?
True
Is 1129203 a multiple of 14?
False
Does 51 divide 1540?
False
Is 1065896 a multiple of 4?
True
Is 64 a factor of 689977?
False
Does 12 divide 25877?
False
Is 14 a factor of 4592?
True
Is 29 a factor of 123888?
True
Is 19747 a multiple of 13?
True
Is 731292 a multiple of 16?
False
Is 11 a factor of 1564684?
True
Is 147290 a multiple of 143?
True
Does 13 divide 122850?
True
Does 209 divide 447825?
False
Does 7 divide 56273?
True
Is 5736037 a multiple of 55?
False
Does 60 divide 8379360?
True
Is 15 a factor of 15907575?
True
Does 26 divide 1360242?
True
Is 8137 even?
False
Does 1265 divide 2533795?
True
Does 471 divide 163502?
False
Does 100 divide 1732200?
True
Is 7 a factor of 106730?
False
Is 46 a factor of 4828290?
False
Does 9 divide 912137?
False
Is 507 a factor of 892827?
True
Is 66 a factor of 1322256?
False
Does 171 divide 638856?
True
Does 14 divide 8040645?
False
Does 10 divide 